when 68378 is divided by 8?
2
Calculate the remainder when 4161601 is divided by 137.
89
What is the remainder when 39252082 is divided by 23?
6
What is the remainder when 1151808 is divided by 1783?
1773
Calculate the remainder when 33985983 is divided by 6634.
1
What is the remainder when 7911094 is divided by 36?
22
Calculate the remainder when 87159 is divided by 504.
471
Calculate the remainder when 2103886 is divided by 1105.
1071
What is the remainder when 741851 is divided by 8626?
15
What is the remainder when 105694 is divided by 115?
9
Calculate the remainder when 156571695 is divided by 464.
463
Calculate the remainder when 4465454 is divided by 171748.
6
Calculate the remainder when 84301 is divided by 84090.
211
What is the remainder when 324616 is divided by 196?
40
Calculate the remainder when 763744 is divided by 763732.
12
What is the remainder when 9058776 is divided by 4243?
4214
Calculate the remainder when 826747 is divided by 2193.
2179
What is the remainder when 3895517 is divided by 735?
17
What is the remainder when 104220 is divided by 98?
46
What is the remainder when 1213093 is divided by 2522?
11
What is the remainder when 53155091 is divided by 28?
3
What is the remainder when 18464354 is divided by 109?
81
What is the remainder when 20239730 is divided by 20239722?
8
What is the remainder when 6768776 is divided by 1274?
14
What is the remainder when 12935414 is divided by 122032?
22
Calculate the remainder when 4119433 is divided by 4420.
4413
What is the remainder when 4747 is divided by 4279?
468
Calculate the remainder when 98199779 is divided by 14.
13
What is the remainder when 19113942 is divided by 9556865?
212
What is the remainder when 14125853 is divided by 155229?
14
Calculate the remainder when 15999577 is divided by 9.
7
What is the remainder when 26162 is divided by 473?
147
Calculate the remainder when 370868 is divided by 370854.
14
Calculate the remainder when 2124803 is divided by 3075.
3053
Calculate the remainder when 11951335 is divided by 56.
39
What is the remainder when 1239217 is divided by 1052?
1013
What is the remainder when 22834 is divided by 2?
0
What is the remainder when 377686 is divided by 98?
92
Calculate the remainder when 158376 is divided by 120.
96
Calculate the remainder when 140358849 is divided by 3942.
3939
Calculate the remainder when 1551339 is divided by 490.
489
What is the remainder when 2349216 is divided by 293651?
8
What is the remainder when 2401447 is divided by 719?
706
Calculate the remainder when 66168 is divided by 13217.
83
What is the remainder when 832102 is divided by 96?
70
Calculate the remainder when 325945808 is divided by 15.
8
Calculate the remainder when 126528 is divided by 31405.
908
Calculate the remainder when 573883 is divided by 11252.
31
Calculate the remainder when 217005 is divided by 548.
545
Calculate the remainder when 994499 is divided by 392.
387
What is the remainder when 182848 is divided by 415?
248
Calculate the remainder when 395700 is divided by 968.
756
Calculate the remainder when 175321 is divided by 3001.
1263
What is the remainder when 156681 is divided by 38202?
3873
What is the remainder when 8357 is divided by 8139?
218
What is the remainder when 406382 is divided by 2419?
2409
Calculate the remainder when 9060120 is divided by 1798.
1796
Calculate the remainder when 338273 is divided by 3455.
3138
What is the remainder when 65432 is divided by 65407?
25
What is the remainder when 5751771 is divided by 522885?
36
What is the remainder when 263673 is divided by 23726?
2687
Calculate the remainder when 4741278 is divided by 1185295.
98
What is the remainder when 218351 is divided by 721?
609
Calculate the remainder when 1204348 is divided by 5352.
148
Calculate the remainder when 9518273 is divided by 279949.
7
Calculate the remainder when 14263949 is divided by 64836.
29
What is the remainder when 140811 is divided by 2198?
139
Calculate the remainder when 607328825 is divided by 73.
69
What is the remainder when 636237 is divided by 88?
85
What is the remainder when 16896696 is divided by 269?
268
What is the remainder when 790412 is divided by 1385?
962
Calculate the remainder when 63506 is divided by 648.
2
Calculate the remainder when 3635384 is divided by 4242.
4232
Calculate the remainder when 75644954 is divided by 6145.
4
Calculate the remainder when 664669 is divided by 122.
13
Calculate the remainder when 193554 is divided by 421.
315
Calculate the remainder when 85492 is divided by 28414.
250
Calculate the remainder when 18453690 is divided by 5159.
5106
What is the remainder when 314134211 is divided by 1429?
1428
What is the remainder when 140822 is divided by 1028?
1014
Calculate the remainder when 60453 is divided by 103.
95
Calculate the remainder when 12907 is divided by 5427.
2053
What is the remainder when 23470030 is divided by 94?
16
Calculate the remainder when 18627697 is divided by 322.
319
Calculate the remainder when 14589456 is divided by 767865.
21
Calculate the remainder when 671400 is divided by 5656.
3992
What is the remainder when 71023 is divided by 176?
95
What is the remainder when 1646649 is divided by 163?
23
Calculate the remainder when 5010375 is divided by 867.
849
What is the remainder when 1489464 is divided by 8229?
15
Calculate the remainder when 624862 is divided by 312407.
48
What is the remainder when 371396 is divided by 4422?
4370
Calculate the remainder when 497671 is divided by 4.
3
What is the remainder when 2106871 is divided by 502?
479
Calculate the remainder when 673544 is divided by 43.
35
What is the remainder when 4637808 is divided by 869?
824
What is the remainder when 557480 is divided by 2385?
1775
Calculate the remainder when 6101391 is divided by 872.
7
Calculate the remainder when 5605361 is divided by 45572.
5
What is the remainder when 629756 is divided by 105?
71
What is the remainder when 1885333498 is divided by 13?
9
What is the remainder when 979421385 is divided by 4213?
4210
What is the remainder when 6408773 is divided by 222?
77
What is the remainder when 4070290 is divided by 290735?
0
Calculate the remainder when 2252949 is divided by 398.
269
What is the remainder when 184616 is divided by 12307?
11
Calculate the remainder when 89420 is divided by 3452.
3120
Calculate the remainder when 13645198 is divided by 172724.
2
Calculate the remainder when 1357553 is divided by 159.
11
What is the remainder when 70639 is divided by 1349?
491
Calculate the remainder when 7396767 is divided by 1479321.
162
What is the remainder when 777821 is divided by 194452?
13
What is the remainder when 48726917 is divided by 44?
41
What is the remainder when 18354 is divided by 573?
18
Calculate the remainder when 360748 is divided by 2.
0
What is the remainder when 40825 is divided by 7479?
3430
What is the remainder when 8727244 is divided by 189722?
32
What is the remainder when 5197217 is divided by 442?
181
Calculate the remainder when 6037 is divided by 5189.
848
What is the remainder when 7645596 is divided by 695053?
13
What is the remainder when 9114400 is divided by 1730?
760
Calculate the remainder when 346315 is divided by 13849.
90
What is the remainder when 1916736 is divided by 33047?
10
What is the remainder when 4119061 is divided by 2059524?
13
Calculate the remainder when 284016 is divided by 6876.
2100
Calculate the remainder when 187495 is divided by 397.
111
Calculate the remainder when 6533657 is divided by 1647.
8
Calculate the remainder when 12725099 is divided by 636241.
279
What is the remainder when 611394 is divided by 808?
546
What is the remainder when 61677 is divided by 60933?
744
What is the remainder when 413896 is divided by 13790?
196
Calculate the remainder when 17100982 is divided by 589688.
30
Calculate the remainder when 7398574 is divided by 1672.
1646
What is the remainder when 1641323 is divided by 308?
299
What is the remainder when 13726071 is divided by 109?
28
Calculate the remainder when 842510 is divided by 2946.
2900
What is the remainder when 5028270 is divided by 656?
30
Calculate the remainder when 3357960 is divided by 419715.
240
What is the remainder when 12517885 is divided by 93?
85
What is the rem